w and 45.
5
Suppose 0*l = -b - 2*l + 16, 5*b + 3*l = 87. What is the highest common divisor of 54 and b?
18
Let o be ((-27)/(-6))/((-13)/(-52)). Suppose 45 = -2*s + 3*s. What is the highest common factor of s and o?
9
Let b(y) = 171*y**3 + 4*y**2 + 2*y. Let z be b(-1). Let s(i) = 42*i + 1. Let l be s(6). Let t = z + l. Calculate the greatest common divisor of t and 21.
21
Let f = -1172 + 1217. Calculate the greatest common divisor of f and 531.
9
Let l be (-4 + -128)*(-6)/9. What is the highest common factor of l and 99?
11
Suppose 12*m - 216 = 8*m. Suppose 9*w - m = 3*w. Calculate the greatest common divisor of w and 72.
9
Let r be -1*((-600)/(-32) + (-2)/(-8)). Let n = r - -35. Calculate the highest common factor of 32 and n.
16
Suppose 24*g = 25*g - 52. Let u = g - 31. Calculate the highest common factor of u and 7.
7
Let x(r) = 8*r - 22. Let z be x(3). Suppose -4 = -4*t, -12 = -z*y + 2*t + 6. Calculate the highest common factor of y and 4.
2
Let i = 0 + 4. Suppose 6*z - 2*g + 46 = 2*z, i*z + 5*g + 11 = 0. Let d = z - -12. Calculate the highest common divisor of 21 and d.
3
Let d(n) = -5*n**3 - 3*n**2 - 2*n - 67. Let y be d(-5). Calculate the greatest common factor of 87 and y.
29
Let f(q) = 2*q**2 - 41*q + 24. Let x be f(22). Calculate the greatest common factor of x and 10.
10
Suppose 22*n - 76 = -16*n. Calculate the greatest common factor of 14 and n.
2
Let h(w) = -10*w + 5. Let s be h(-3). Let c = s + -18. Calculate the greatest common divisor of c and 17.
17
Let b be (0 - -1) + (84/3 - 2). Let h = b - 20. What is the greatest common divisor of 14 and h?
7
Let c = 1858 - 1819. Calculate the highest common divisor of c and 507.
39
Let u(y) = -132*y - 36. Let n be u(-2). Calculate the highest common factor of 24 and n.
12
Let o = 19 - 17. Let a be 36/8 - (-1)/o. What is the greatest common factor of 10 and a?
5
Let g be (-12)/15*-5 + -13. Let u be g/2*(-12)/9. Calculate the greatest common divisor of u and 66.
6
Let i(o) = -7*o - 2. Let n be i(2). Let d be (n/6)/((-6)/90). What is the highest common divisor of 100 and d?
20
Let a(g) = -153*g**2 - 3*g + 2. Let m be a(1). Let k = 330 + m. Calculate the greatest common divisor of k and 16.
16
Let s be (-118)/(-4) + -1 + (-18)/(-12). Suppose a - 20 + 0 = 0. Calculate the greatest common factor of a and s.
10
Suppose 0 = -4*v + 2*v. Let l(g) = -9*g + 3 + g**2 + 3*g + v. Let n be l(6). Calculate the highest common divisor of 33 and n.
3
Let v be -3 + 8/((-56)/(-147)). Calculate the highest common factor of v and 48.
6
Let c(g) = 23*g**2 + 38*g**3 + 19*g**2 + g - 45*g**2. Let w be c(1). What is the highest common divisor of w and 9?
9
Let o(w) be the second derivative of -w**3/6 + 6*w**2 - 13*w. Let b be o(12). Suppose -2*n + 4 + b = 0. Calculate the highest common divisor of 18 and n.
2
Let q = 98 + -28. What is the highest common factor of 5 and q?
5
Suppose 13*p - 90*p = -1001. Suppose 2*b = -0*b + 208. What is the highest common divisor of b and p?
13
Suppose 4*b + 2*g - 38 = 0, 0 = -5*b - 0*b + 3*g + 53. Let c = 614 - 364. Calculate the greatest common divisor of b and c.
10
Suppose -2 = -l - 4. Let o = l + 70. Suppose 0*v = -2*c + 2*v + 28, c - 5*v - 2 = 0. What is the highest common divisor of o and c?
17
Let d be ((-6)/(-4)*40/15)/2. Let p(f) = 3*f**2 + f - 2. Let u be p(d). What is the highest common divisor of u and 12?
12
Let o(m) = -2*m**3 + 2*m**2 + 11*m + 42. Let b be o(0). Let l be -2 - -2 - 12/(-2). Calculate the highest common factor of l and b.
6
Let z(w) = 3*w**2 - 4*w + 11. Let y be z(-4). What is the greatest common factor of 10 and y?
5
Let k(t) = t**3 - 41*t**2 - 171*t - 65. Let x be k(45). Calculate the highest common divisor of x and 306.
34
Let q be ((-116)/2)/(6/(-24)). Let a = -57 - -86. What is the greatest common divisor of a and q?
29
Suppose 6*y = 2*y + 12. Let d(h) = -8*h**2 - h**3 - 1 + 5*h - 6*h - 8*h + 0*h**y. Let t be d(-7). What is the highest common factor of t and 104?
13
Suppose -4*p - 5*q - 18 = 0, 16 = -3*p - 0*p - 5*q. Let t be (4 - 14/4)*p. Let i be (-3)/(-3)*(-22)/t. What is the greatest common factor of i and 55?
11
Let z be (-1 - (-1 - -9))/(0 + -1). What is the greatest common divisor of 144 and z?
9
Let v = -1227 - -1236. Calculate the highest common divisor of v and 156.
3
Let d = 3088 + -2841. What is the highest common factor of d and 361?
19
Let d(i) = 8*i**2 + 2*i - 15. Let x be d(-9). Suppose -x = -5*v + 190. Calculate the greatest common factor of 23 and v.
23
Let j(c) = 2*c**2 - 14*c - 49. Let l be j(-3). What is the greatest common divisor of 77 and l?
11
Let a = 1288 + -1153. Let o(x) = -x + 15. Let t be o(0). What is the highest common factor of a and t?
15
Suppose -5*x - 4*x = -126. Suppose -4*o - 3*y + 202 = x, 3*y - 232 = -5*o. Calculate the highest common divisor of o and 11.
11
Let k = 202 + -190. Calculate the greatest common factor of 24 and k.
12
Let i(g) be the second derivative of g**5/20 - g**4/3 + g**3/3 - 7*g**2/2 - g. Let j be i(5). What is the highest common factor of j and 4?
4
Let q = -422 - -678. What is the greatest common factor of q and 4?
4
Suppose 3*n + 4*j = 3654 + 497, j = 3*n - 4126. Calculate the highest common divisor of n and 17.
17
Let o be 28*((-70)/(-4) + (4 - 0)). Calculate the greatest common divisor of 129 and o.
43
Let k(t) = 9*t - 15. Let c(p) = -5*p - 36. Let l be c(-9). Let f be k(l). Calculate the greatest common factor of 99 and f.
33
Let l be 1*((-26)/1)/(-2). Let j = l - 6. What is the highest common divisor of j and 77?
7
Suppose -37 = -u + 31. Let k = u - 63. Calculate the highest common divisor of k and 2.
1
Suppose -7 = 4*p - p + 4*w, -8 = -4*p - w. Suppose -d = 4*u - 16, p*u + u = -4*d + 64. Calculate the highest common factor of d and 40.
8
Let z = 82 + -80. Suppose -z*l + 4*w - 152 = -4*l, -2*l + 4*w + 168 = 0. What is the greatest common divisor of 32 and l?
16
Let n(k) = 10*k**2 - 21*k + 3. Let v be n(-14). What is the highest common divisor of 61 and v?
61
Suppose -x + 4*u + 19 = 0, x - u + 4 = 11. Suppose -64 = x*g - 4*g. Let o = -6 + 14. Calculate the greatest common factor of o and g.
8
Let c(f) = 6*f - 4 + 0*f - f - f**3. Let j be c(-3). Calculate the highest common divisor of 8 and j.
8
Suppose 5*w = -3*v + 7911, -13*w = -11*w + 4*v - 3170. Calculate the highest common divisor of 31 and w.
31
Let u(w) = 6*w**3 + 5*w**2 - 5*w. Let a be u(1). Calculate the greatest common divisor of a and 249.
3
Let i = 65 - 21. Let q = 107 + -41. Calculate the greatest common factor of q and i.
22
Let g = 60 + 17. Let z be g/14*(-2)/(-1). What is the greatest common factor of 1 and z?
1
Let w = 0 - -3. Suppose 0 = -0*t - 4*t + 5*m + 34, -w*t + 4*m = -26. Let j be 92/12 + (-4)/t. What is the greatest common factor of 14 and j?
7
Let i(t) = -2*t - 10. Let a be i(-6). Suppose l - 1 - 3 = 0. Suppose -4*s = 4*w - 20, -3*s - a*s = l*w - 17. Calculate the greatest common divisor of w and 8.
8
Let y(k) = 2*k**2 + 19*k + 11. Let n be y(-9). Let x be n*33 - (5 - 2). What is the highest common factor of 9 and x?
9
Suppose 0 = -11*s + 9*s + 372. Suppose -6*o = -s - 36. What is the highest common factor of 37 and o?
37
Let r(g) = -g**2 + 22*g - 4. Let s be r(11). Suppose 4*o - 3*j = 21 + 16, 5*o - 75 = -2*j. What is the greatest common divisor of s and o?
13
Let s = 581 - 339. What is the greatest common divisor of 66 and s?
22
Let v = -355 - -377. What is the greatest common divisor of v and 418?
22
Suppose -2*m = 8, -4*j - 5*m = j. Suppose j*g + 17 = 5*g. Let u be 2*17/8*20. Calculate the highest common factor of u and g.
17
Let t(q) = -57*q + 7. Let s(c) = 1. Let x(o) = 5*s(o) - t(o). Let v be x(-3). Let n = -98 - v. Calculate the greatest common factor of n and 15.
15
Suppose -4*n = 3*h - 170, 0*n + 224 = 4*h + 4*n. Let f = -52 + h. Calculate the highest common factor of 2 and f.
2
Suppose 0 = -5*o - 4*s - 35, -2*o - 26 = -0*o + 4*s. Let m be 396 - (-3 - -3)/o. Calculate the highest common factor of 36 and m.
36
Let x = -61 + 51. Let d(h) = -7*h - 65. Let r be d(x). Calculate the highest common divisor of r and 45.
5
Suppose -8*v - 4*b = -13*v + 82, 0 = -v - b + 11. What is the greatest common divisor of 126 and v?
14
Suppose 2*p + 8 = 120. Calculate the greatest common divisor of 63 and p.
7
Suppose